 93. Let j = m - f. What is the units digit of j?
5
Let f(c) = c + 9. Let d(o) = -o + 2. Let k be d(6). Let p be f(k). Suppose 3 = -v, 110 = 2*h + p*v + 35. What is the units digit of h?
5
Let d = 296 + -298. What is the units digit of (5 - (-3245)/25)/(d/(-5))?
7
Let k(c) = 1817*c + 372. What is the ten thousands digit of k(8)?
1
Let h(z) = -6*z**3 - 17*z**2 + 5*z - 13. Let y be h(-6). What is the tens digit of (0 + 7 - 6)*y/1?
4
Let c be 236 + 99/27*-3. Suppose 0 = 4*d + 4, 3*d + 0*d = 3*u - 9. Suppose -5*t + c = -2*t + 5*g, 157 = u*t + g. What is the units digit of t?
0
Suppose -126*t - 8953697 = -449*t + 3687554. What is the hundreds digit of t?
1
Let i = -470 - -622. What is the hundreds digit of i?
1
Suppose -2*d + 11 = -0*d + 5*z, -4*z + 4 = 0. Let p(n) = n**2 - 12*n - 13. Let w be p(14). What is the units digit of d/w - (-656)/20?
3
Suppose -5*f + 133661 + 181670 = 4*r, 36 = 4*r. What is the ten thousands digit of f?
6
Suppose -2*s + 67410 = 4*h, -2*h + 20017 = 4*s - 13703. What is the thousands digit of h?
6
Let z(m) = 81 - 4*m**2 + 3*m**2 - 9*m + 2*m**2 + 8*m**2 + 23*m. What is the tens digit of z(-11)?
1
Let o(a) = a**2 - 17*a + 46. Let k be o(14). Suppose -102 = -5*h - k*r, -7*h = -9*h - r + 42. What is the tens digit of h?
2
Suppose 512*g - 44443 = 505*g. What is the units digit of g?
9
What is the units digit of (-202010)/(-8) - (-2422)/1384?
3
Let k(w) = w**3 + 6*w**2 - 5*w - 27. Let z be k(-6). Suppose -2*t + 1394 = 56*m - 52*m, 3*t + z*m - 2100 = 0. What is the hundreds digit of t?
7
Let t = 107 + -109. Let r be 1/(t/4*4/(-30)). Suppose -11*g - 944 = -r*g. What is the hundreds digit of g?
2
What is the ten thousands digit of 2 + (4/(-34) - (-12)/((-3060)/(-6937815)))?
2
Let h(x) = 9*x - 2. Let u be h(6). Suppose 4*n = -8, 252*n = -4*p + 257*n + 174. Let k = u - p. What is the units digit of k?
1
Suppose 0 = -14*m + 11*m - 60. What is the hundreds digit of 16/72 - m/45*1147?
5
Let u(n) = -11*n - 93. Let g be u(-9). What is the thousands digit of (325/(-39))/(8/g)*-312?
1
Let b(v) = v**3 - 232*v - 256. What is the hundreds digit of b(40)?
4
What is the units digit of 5*(-32)/20 - -2177?
9
Suppose -o - 2*c = 8, 3*o - 4*c = -58 + 14. What is the tens digit of o + 18 + 399 + 0?
0
Suppose -2*p + 287 = -3*i, 143 = p - 2*i - 0*i. Suppose 266 = -4*x - 134. Let a = x + p. What is the tens digit of a?
4
Let r(g) = 147*g**2 - 27*g - 21. Let h(j) = 21*j**2 - 4*j - 3. Let b(s) = 15*h(s) - 2*r(s). Let a be b(4). Let k = -191 + a. What is the tens digit of k?
1
Let b(p) = -212 - 44*p + 21 + 39. What is the hundreds digit of b(-15)?
5
Let u = 17395 + -14639. What is the tens digit of u?
5
Suppose 4*c = -5*k + 107882, 86294 = k + 3*k + 9*c. What is the ten thousands digit of k?
2
Let h(z) = 4*z**2 + 4*z - 5. Let g(i) = -i**2 + 8*i + 14. Suppose 0 = 4*u - 0*u - 40. Let q be g(u). What is the hundreds digit of h(q)?
1
Suppose 0 = p - 3 + 4, 4*v + 7 = 5*p. What is the units digit of ((24112/(-24))/11)/(1/v)?
4
Let n(t) = -4*t - 48. Let b be n(-13). Suppose -3*r = 17*a - 22*a - 2898, 4*r - b*a = 3872. What is the units digit of r?
1
What is the units digit of -276*(21/(-168))/((-2)/(-572))?
7
What is the units digit of (306/9 - 25) + 25673 + 1?
3
Let q = 33134 + -21340. What is the units digit of q?
4
Suppose 25 = -5*m, -2*v = -v - 2*m - 118. Suppose -14*t = -2*t - v. What is the units digit of t?
9
Let h be 18/(-15)*(0 - (-580)/(-3)). Let w = 143 + h. What is the tens digit of w?
7
Let r(l) = -16*l - 141. Let g be r(-9). What is the hundreds digit of ((45/(-6))/g - -2)*-914?
4
Suppose 4*u + 5*a = -2701, -3*u - 3308 + 1285 = a. Let p = u + 1620. What is the tens digit of p?
4
Suppose -5*i - a - 758 = 0, 0 = 137*i - 136*i + 2*a + 148. Let m(s) = -2*s - 3. Let t be m(-6). What is the tens digit of (i/6)/((-3)/t)?
7
Let p = 59299 - 28558. What is the tens digit of p?
4
Suppose -5*c + 2337 + 3533 = 4*x, -5*c = -30. What is the units digit of x?
0
Let s = 4221 - 1691. What is the units digit of s?
0
Let s = -87678 - -159347. What is the units digit of s?
9
Let z(c) = -c**2 + 11*c - 35. Let a = -99 - -109. Let s be z(a). What is the units digit of -190*(5/s - 1)?
8
Suppose 2*s - 4*s + 34 = -2*c, -3*s + 59 = 5*c. Suppose 2354 + 1696 = s*u. What is the tens digit of u?
2
Suppose 13 = 2*l - 5*l - q, 0 = 4*l - 5*q + 11. Let h be ((-69)/92)/(1/l). Suppose -h*d + 140 = -28. What is the units digit of d?
6
Let l(c) = -50*c**3 + c**2 - c - 1. Suppose -3*x - 26 = -23. Let j be l(x). Let q = 129 - j. What is the tens digit of q?
7
Let c = 2577 - 735. What is the units digit of c?
2
Let m(u) = 2*u - 2. Let r be m(-1). Suppose 2*j = 714 + 654. What is the tens digit of (2/r)/((-18)/j)?
1
Let u(w) = -105*w - 62. Let o be u(6). Let i = 1158 + o. What is the units digit of i?
6
What is the tens digit of (24 + -14)*(-5788)/(-5) + 1?
7
Let a(l) = 13*l**3 - 27*l**2 - 3*l - 29. Let t(w) = 2*w**3 - w**2 + w. Let j(y) = -a(y) + 6*t(y). What is the hundreds digit of j(21)?
2
Suppose 0 = -0*d + 4*d, -2*w + 4*d = 0. Let y(a) = 5 + w*a**3 + 5*a**3 - 17*a**2 - 3*a + 14*a**2. What is the units digit of y(3)?
4
Let m = -8 + -5. What is the tens digit of (-89)/4*(m + 3/3)?
6
Let g = 97 - 95. What is the units digit of (1012/66)/(g/27)?
7
Suppose -5*n - 14 = -39. Let i(w) = -w**3 + 11*w**2 - 9*w + 43. What is the tens digit of i(n)?
4
Suppose 30*k - 28*k - 3*j = -673, -309 = k + 4*j. Let l = k - -350. What is the tens digit of l?
2
Suppose 0 = -39*j + 35*j + w + 18738, -2*j + 9342 = -5*w. What is the tens digit of j?
8
Let g = 3414 + -2706. What is the units digit of g?
8
Let h(d) = 1025*d**2 - 57*d + 99. What is the hundreds digit of h(9)?
6
Suppose p = -5*w + 23, 0*p - 14 = 2*p - 2*w. Let f(y) be the second derivative of 10*y**4/3 - y**3/2 - 5*y**2/2 + 19*y. What is the units digit of f(p)?
1
Let y = -917 + 6805. What is the units digit of y?
8
Suppose 0 = 5*h + 5*g - 185845, 5*h - 3*g - 107040 = 78861. What is the ten thousands digit of h?
3
What is the thousands digit of (-9)/(54/(-30)) - -2696?
2
Suppose c = -3*f + 10, -2*c - 2*c = f - 18. Let m be (c + -7)/((-3)/2) + 3. Suppose -2*j + 91 = m*j. What is the tens digit of j?
1
Let z(c) = -58*c - 2628. Let r be z(-47). Let d(p) = -78*p. Let m be d(1). Let a = m + r. What is the units digit of a?
0
Let k(m) = m**2 - 11*m - 9. Let i = 32 + -27. Let d be (4 + 16)*i/(80/12). What is the tens digit of k(d)?
5
Let w(t) = -145*t - 24. Let y(v) = v**3 + 2*v**2 + 2*v - 3. Let f be y(0). What is the hundreds digit of w(f)?
4
Suppose -148 - 732 = -110*g. Let y be 7356/21 + (-2)/7. Suppose 3*u - g*u = -y. What is the tens digit of u?
7
Suppose 3*r = -0*r - 45. Let l be (3/2)/(r/(-20)). Suppose 2*b + 3*a = 26, -5 = -2*b + l*a + 1. What is the units digit of b?
7
Let u(s) be the second derivative of 31*s**4/6 - s**3/6 - 3*s**2/2 + 12*s. Let k be u(3). What is the units digit of 2/(3/(k/4))?
2
Suppose -237 = -10*q + 183. Let r = q + -38. Let l(x) = 61*x - 22. What is the hundreds digit of l(r)?
2
Suppose 7*c - 2913 - 14951 = 0. What is the units digit of ((-12)/(-24) + -3)*c/(-10)?
8
Let q = -142 - -64. Let p = 82 + q. What is the units digit of p + (-3 - -14 - -3)?
8
Let u(q) = q**2 + 11*q + 10. Let r be u(-13). Suppose -30 = r*w - 31*w. What is the hundreds digit of 110 + ((-2)/(-3))/(w/(-9))?
1
What is the thousands digit of ((-104468)/(-686))/(1/217)?
3
What is the hundreds digit of (-8 - (-630)/81) + 115886/9?
8
Let a be 58/12 + 9/54. Suppose c - a*r - 61 = 0, r + 244 = -0*c + 4*c. Suppose -c = 4*h - 385. What is the units digit of h?
1
Let w(k) = -6*k + 65. Let y(a) = -2*a + 2. Let q(j) = -2*w(j) + 22*y(j). What is the tens digit of q(-16)?
2
What is the hundreds digit of (-127157)/(-3) - ((-2)/24)/((-95)/(-380))?
3
Let v be 2/(-1 + 2436/2444). Let d = -162 - v. What is the units digit of d?
9
Suppose -142*m = 14*m - 1308528. What is the thousands digit of m?
8
Let x(n) = -54*n - 57*n - 6 - 4*n**2 - n**3 + 234*n - 66*n - 60*n. Let s = 10 + -14. What is the units digit of x(s)?
6
Let c(g) be the first derivative of 12 - 2*g**2 + 3*g + 2*g - g - 4*g**2. What is the tens digit of c(-6)?
7
Let h = -371 - -427. Suppose -766 = -58*v + h*v. What is the units digit of v?
3
Let k be (-2 + 8)*4/6*7. Suppose w - 30 = -k. Suppose w*y = v - 156, 0